{"id":39,"date":"2012-08-29T20:24:12","date_gmt":"2012-08-29T20:24:12","guid":{"rendered":"http:\/\/www.patagoniaeventos.com\/wordpress\/?page_id=39"},"modified":"2015-02-18T17:29:25","modified_gmt":"2015-02-18T17:29:25","slug":"k42-series","status":"publish","type":"page","link":"https:\/\/www.patagoniaeventos.com\/index.php\/eventos\/k42-series\/","title":{"rendered":"K42 Series"},"content":{"rendered":"Estamos orgullosos de presentar la serie mundial de K42.\u00a0Serie que nace en la Patagonia Argentina, m\u00e1s precisamente en Villa La Angostura. Hoy 3 de los 5 continentes ya tienen su K42. \u00a0Ocho etapas clasifican a los mejores atletas de todo el mundo, para luego medirse en la Gran Final en Villa la Angostura, Neuqu\u00e9n Argentina.\r\n<h4>Ir a <a href=\"http:\/\/k42series.com\" target=\"_blank\">K42series.com<\/a><\/h4>\r\n<!--more-->\r\n\r\n&nbsp;\r\n<p style=\"text-align: center;\"><a href=\"http:\/\/www.k42trailrun.com\"><img loading=\"lazy\" decoding=\"async\" width=\"900\" height=\"200\" class=\"aligncenter  wp-image-2183\" title=\"portada-k42\" src=\"http:\/\/www.patagoniaeventos.com\/wp-content\/uploads\/2012\/08\/portada-k42.jpg\" alt=\"\" srcset=\"https:\/\/www.patagoniaeventos.com\/wp-content\/uploads\/2012\/08\/portada-k42.jpg 900w, https:\/\/www.patagoniaeventos.com\/wp-content\/uploads\/2012\/08\/portada-k42-300x66.jpg 300w\" sizes=\"auto, (max-width: 900px) 100vw, 900px\" \/><\/a><\/p>\r\nEn 2009 creamos el Circuito K42 SERIES ADVENTURE MARATHON\u00ae\u00a0 bajo el formato de maratones off road ampliando el concepto de marat\u00f3n de monta\u00f1a al Marat\u00f3n de Aventura. Dando inicio a la Serie Internacional con tres etapas bajo la organizaci\u00f3n y comercializaci\u00f3n\u00a0general de Patagonia Eventos y Organizadores Locales en cada pa\u00eds quienes se encargan de la comercializaci\u00f3n local y la log\u00edstica de cada etapa bajo los par\u00e1metros de un manual\u00a0 t\u00e9cnico.\r\n\r\nLa serie internacional ya cuenta hoy con etapas en:\r\n\r\nK42 Costa Rica &#8211;\u00a0K42 Peru &#8211;\u00a0K42 Mallorca &#8211;\u00a0K42 Brasil &#8211; K42 Chile (Santiago) &#8211; \u00a0K42 Chile (Rapa Nui) &#8211;\u00a0K42 Marruecos (Zagora) &#8211; K42 Islas Canarias (Tenerife) \u00a0 y la FINAL SALOMON K42 ARGENTINA de Villa la Angostura.\r\n\r\n&nbsp;\r\n<h4><em>Fotos de la Serie<\/em><\/h4>\r\n[tabs slidertype=&#8221;images&#8221; auto=&#8221;yes&#8221;]\r\n[imagetab width=&#8221;800&#8243; height=&#8221;400&#8243;]http:\/\/www.patagoniaeventos.com\/img_carreras\/k42\/1.jpg [\/imagetab]\r\n[imagetab width=&#8221;800&#8243; height=&#8221;400&#8243;]http:\/\/www.patagoniaeventos.com\/img_carreras\/k42\/2.jpg [\/imagetab]\r\n[imagetab width=&#8221;800&#8243; height=&#8221;400&#8243;]http:\/\/www.patagoniaeventos.com\/img_carreras\/k42\/3.jpg [\/imagetab]\r\n[imagetab width=&#8221;800&#8243; height=&#8221;400&#8243;]http:\/\/www.patagoniaeventos.com\/img_carreras\/k42\/4.jpg [\/imagetab]\r\n[imagetab width=&#8221;800&#8243; height=&#8221;400&#8243;]http:\/\/www.patagoniaeventos.com\/img_carreras\/k42\/5.jpg [\/imagetab]\r\n[imagetab width=&#8221;800&#8243; height=&#8221;400&#8243;]http:\/\/www.patagoniaeventos.com\/img_carreras\/k42\/6.jpg [\/imagetab]\r\n[imagetab width=&#8221;800&#8243; height=&#8221;400&#8243;]http:\/\/www.patagoniaeventos.com\/img_carreras\/k42\/7.jpg [\/imagetab]\r\n[imagetab width=&#8221;800&#8243; height=&#8221;400&#8243;]http:\/\/www.patagoniaeventos.com\/img_carreras\/k42\/8.jpg [\/imagetab]\r\n[imagetab width=&#8221;800&#8243; height=&#8221;400&#8243;]http:\/\/www.patagoniaeventos.com\/img_carreras\/k42\/9.jpg [\/imagetab]\r\n[imagetab width=&#8221;800&#8243; height=&#8221;400&#8243;]http:\/\/www.patagoniaeventos.com\/img_carreras\/k42\/10.jpg [\/imagetab]\r\n[imagetab width=&#8221;800&#8243; height=&#8221;400&#8243;]http:\/\/www.patagoniaeventos.com\/img_carreras\/k42\/11.jpg [\/imagetab]\r\n[imagetab width=&#8221;800&#8243; height=&#8221;400&#8243;]http:\/\/www.patagoniaeventos.com\/img_carreras\/k42\/12.jpg [\/imagetab]\r\n[imagetab width=&#8221;800&#8243; height=&#8221;400&#8243;]http:\/\/www.patagoniaeventos.com\/img_carreras\/k42\/13.jpg [\/imagetab]\r\n[imagetab width=&#8221;800&#8243; height=&#8221;400&#8243;]http:\/\/www.patagoniaeventos.com\/img_carreras\/k42\/14.jpg [\/imagetab]\r\n[imagetab width=&#8221;800&#8243; height=&#8221;400&#8243;]http:\/\/www.patagoniaeventos.com\/img_carreras\/k42\/15.jpg [\/imagetab]\r\n[imagetab width=&#8221;800&#8243; height=&#8221;400&#8243;]http:\/\/www.patagoniaeventos.com\/img_carreras\/k42\/16.jpg [\/imagetab]\r\n[\/tabs]","protected":false},"excerpt":{"rendered":"<p>Estamos orgullosos de presentar la serie mundial de K42.\u00a0Serie que nace en la Patagonia Argentina, m\u00e1s precisamente en Villa La Angostura. Hoy 3 de los 5 continentes ya tienen su K42. \u00a0Ocho etapas clasifican a los mejores atletas de todo el mundo, para luego medirse en la Gran Final en Villa la Angostura, Neuqu\u00e9n Argentina. [&hellip;]<\/p>\n","protected":false},"author":1,"featured_media":130,"parent":79,"menu_order":0,"comment_status":"open","ping_status":"closed","template":"page-full.php","meta":{"footnotes":""},"class_list":["post-39","page","type-page","status-publish","hentry"],"_links":{"self":[{"href":"https:\/\/www.patagoniaeventos.com\/index.php\/wp-json\/wp\/v2\/pages\/39","targetHints":{"allow":["GET"]}}],"collection":[{"href":"https:\/\/www.patagoniaeventos.com\/index.php\/wp-json\/wp\/v2\/pages"}],"about":[{"href":"https:\/\/www.patagoniaeventos.com\/index.php\/wp-json\/wp\/v2\/types\/page"}],"author":[{"embeddable":true,"href":"https:\/\/www.patagoniaeventos.com\/index.php\/wp-json\/wp\/v2\/users\/1"}],"replies":[{"embeddable":true,"href":"https:\/\/www.patagoniaeventos.com\/index.php\/wp-json\/wp\/v2\/comments?post=39"}],"version-history":[{"count":0,"href":"https:\/\/www.patagoniaeventos.com\/index.php\/wp-json\/wp\/v2\/pages\/39\/revisions"}],"up":[{"embeddable":true,"href":"https:\/\/www.patagoniaeventos.com\/index.php\/wp-json\/wp\/v2\/pages\/79"}],"wp:featuredmedia":[{"embeddable":true,"href":"https:\/\/www.patagoniaeventos.com\/index.php\/wp-json\/wp\/v2\/media\/130"}],"wp:attachment":[{"href":"https:\/\/www.patagoniaeventos.com\/index.php\/wp-json\/wp\/v2\/media?parent=39"}],"curies":[{"name":"wp","href":"https:\/\/api.w.org\/{rel}","templated":true}]}}