{"id":28,"date":"2012-08-29T19:49:00","date_gmt":"2012-08-29T19:49:00","guid":{"rendered":"http:\/\/www.patagoniaeventos.com\/wordpress\/?page_id=28"},"modified":"2015-06-30T16:23:27","modified_gmt":"2015-06-30T16:23:27","slug":"servicios","status":"publish","type":"page","link":"https:\/\/www.patagoniaeventos.com\/index.php\/servicios\/","title":{"rendered":"Servicios"},"content":{"rendered":"<img decoding=\"async\" class=\"img-responsive\" src=\"http:\/\/www.patagoniaeventos.com\/wp-content\/uploads\/2012\/08\/servicios.jpg\" alt=\"\" \/>\r\n<div class=\"row\">\r\n\t<div class=\"col-md-4\">\r\n\t\t<h3 class=\"page-header\">Servicios Generales<\/h3>\r\n\t\tOrganizaci\u00f3n y log\u00edstica\u00a0 de eventos para empresas e instituciones. Coordinaci\u00f3n general y organizaci\u00f3n t\u00e9cnica de carreras de calle, aventura, pruebas combinadas, entre otros. Asesoramiento t\u00e9cnico y log\u00edstica para la organizaci\u00f3n de eventos deportivos. Organizaci\u00f3n de campeonatos y encuentros deportivos.\r\n\t<\/div>\r\n\t<div class=\"col-md-4\">\r\n\t\t<h3 class=\"page-header\">PE Estructuras<\/h3>\r\n\t\tContamos con una estructura propia, que nos permite\u00a0movilizarnos\u00a0y producir eventos a lo largo y ancho de todo el\u00a0pa\u00eds.\u00a0PE Estructuras, es la\u00a0divisi\u00f3n\u00a0de servicios de alquiler\u00a0de todas las estructuras necesarias para la\u00a0organizaci\u00f3n de un evento deportivo. Para conocer las estructuras disponibles que tenemos en alquilar, visit\u00e1 el siguiente <a href=\"http:\/\/www.patagoniaeventos.com\/index.php\/servicios\/pe-estructuras\/\">link.<\/a>\r\n\t<\/div>\r\n\t<div class=\"col-md-4\">\r\n\t\t<h3 class=\"page-header\">PE Times<\/h3>\r\n\t\tPatagonia Eventos presenta la tecnolog\u00eda IPICO Sports con origen en USA para toma de tiempos y clasificaciones en maratones, carreras de calle, pruebas combinadas, esqu\u00ed n\u00f3rdico, cross country y MTB; basado en tecnolog\u00eda RFID (identificaci\u00f3n por radiofrecuencia. Si desea conocoer m\u00e1s sobre como funciona el sistema visit\u00e1 <a href=\"http:\/\/www.patagoniaeventos.com\/index.php\/servicios\/pe-times\/\">este link.<\/a>\r\n\t<\/div>\r\n<\/div>","protected":false},"excerpt":{"rendered":"<p>Servicios Generales Organizaci\u00f3n y log\u00edstica\u00a0 de eventos para empresas e instituciones. Coordinaci\u00f3n general y organizaci\u00f3n t\u00e9cnica de carreras de calle, aventura, pruebas combinadas, entre otros. Asesoramiento t\u00e9cnico y log\u00edstica para la organizaci\u00f3n de eventos deportivos. Organizaci\u00f3n de campeonatos y encuentros deportivos. PE Estructuras Contamos con una estructura propia, que nos permite\u00a0movilizarnos\u00a0y producir eventos a lo [&hellip;]<\/p>\n","protected":false},"author":1,"featured_media":0,"parent":0,"menu_order":0,"comment_status":"open","ping_status":"closed","template":"page-templates\/content-full-width.php","meta":{"footnotes":""},"class_list":["post-28","page","type-page","status-publish","hentry"],"_links":{"self":[{"href":"https:\/\/www.patagoniaeventos.com\/index.php\/wp-json\/wp\/v2\/pages\/28","targetHints":{"allow":["GET"]}}],"collection":[{"href":"https:\/\/www.patagoniaeventos.com\/index.php\/wp-json\/wp\/v2\/pages"}],"about":[{"href":"https:\/\/www.patagoniaeventos.com\/index.php\/wp-json\/wp\/v2\/types\/page"}],"author":[{"embeddable":true,"href":"https:\/\/www.patagoniaeventos.com\/index.php\/wp-json\/wp\/v2\/users\/1"}],"replies":[{"embeddable":true,"href":"https:\/\/www.patagoniaeventos.com\/index.php\/wp-json\/wp\/v2\/comments?post=28"}],"version-history":[{"count":0,"href":"https:\/\/www.patagoniaeventos.com\/index.php\/wp-json\/wp\/v2\/pages\/28\/revisions"}],"wp:attachment":[{"href":"https:\/\/www.patagoniaeventos.com\/index.php\/wp-json\/wp\/v2\/media?parent=28"}],"curies":[{"name":"wp","href":"https:\/\/api.w.org\/{rel}","templated":true}]}}