{"id":2093,"date":"2012-09-21T18:56:36","date_gmt":"2012-09-21T18:56:36","guid":{"rendered":"http:\/\/www.patagoniaeventos.com\/wordpress\/?page_id=2093"},"modified":"2015-06-30T18:45:22","modified_gmt":"2015-06-30T18:45:22","slug":"carrera-de-la-mujer","status":"publish","type":"page","link":"https:\/\/www.patagoniaeventos.com\/index.php\/eventos\/carrera-de-la-mujer\/","title":{"rendered":"Carrera de la Mujer"},"content":{"rendered":"<img decoding=\"async\" class=\"img-responsive\" title=\"carreradelamujer\" src=\"http:\/\/www.patagoniaeventos.com\/wp-content\/uploads\/2012\/09\/carreradelamujer.jpg\" alt=\"\" \/>\r\n\r\n<p class=\"lead\">Las mujeres despidieron el a\u00f1o corriendo. En una propuesta exclusiva para ellas, aceptaron la invitaci\u00f3n de Patagonia Eventos y desafiando la temperatura, que ayer rond\u00f3 los 36 grados, cumplieron con el recorrido de 5 kil\u00f3metros.<\/p>\r\n\r\n<p>La Carrera de la Mujer -as\u00ed se denomin\u00f3 la prueba- cont\u00f3 con el auspicio de La Ma\u00f1ana de Neuqu\u00e9n y, aunque no ten\u00eda car\u00e1cter competitivo, s\u00ed se tom\u00f3 la clasificaci\u00f3n de las diez primeras en arribar a la meta de forma simb\u00f3lica.<\/p>\r\n\r\n<p>Los atletas partieron por calle Riavitz en Plaza de las Banderas y luego se internaron por el parque del Observatorio Meteorol\u00f3gico y por el sendero aer\u00f3bico del Parque Norte para retornar al punto de partida. La ganadora fue la roquense Roc\u00edo Guadalupe L\u00f3pez, con un tiempo de 18 minutos y 10 segundos, y la escoltaron la neuquina Anal\u00eda Alderete y la cincosaltense Daniela Aqueveque.<\/p>\r\n\r\n<p>El tr\u00edo ganador se cort\u00f3 desde el principio y marc\u00f3 claras diferencias sobre el resto, aunque esto fue lo de menos porque la sensaci\u00f3n que qued\u00f3 es que ganaron todas, ya que se gener\u00f3\u00a0 un clima muy especial.\r\nCada una de ellas fue recibida con euforia haciendo de la jornada una gran fiesta de m\u00fasica y buena onda al comp\u00e1s de los movimientos que propuso Daniel Bongiovani, creador de Baelee (Baile Aer\u00f3bico, Libre, Emotivo y Expresivo), con diferentes coreograf\u00edas. Las invit\u00f3 a mover la cintura y relajar las piernas, generando un clima que sirvi\u00f3 para cerrar una jornada en la que el deporte y la recreaci\u00f3n fueron los principales protagonistas.<\/p>\r\n\r\n<h3>Se dijo<\/h3>\r\n<blockquote>\u201cHace dos a\u00f1os que estoy corriendo y esta carrera fue especial porque es un poco el retorno, ya que dej\u00e9 de entrenar un par de semanas por la escuela. Esta propuesta me pareci\u00f3 muy buena porque las chicas nos reunimos m\u00e1s y eso es diferente a lo que ocurre en una carrera mixta. En cuanto a la prueba, fue muy r\u00e1pida, no parecieron 5 kil\u00f3metros y la verdad es que disfrute mucho\u201d.<em>\u00a0(La roquense Roc\u00edo L\u00f3pez, que tras un breve parate volvi\u00f3 con todo)<\/em><\/blockquote>\r\n<blockquote>&#8220;Fue una carrera muy linda, demasiado r\u00e1pida. La verdad que est\u00e1 buena la idea, ojal\u00e1 que hagan carreras m\u00e1s seguido para las mujeres. Es una buena propuesta porque la mujer se est\u00e1 animando m\u00e1s y si se hacen carreras m\u00e1s seguido vendr\u00eda mucha m\u00e1s gente\u201d.<em>\u00a0(Anal\u00eda Alderete, la neuquina que termin\u00f3 segunda)<\/em><\/blockquote>\r\n<blockquote>\u201cEl calor se sinti\u00f3 al salir al asfalto y recuperamos un poco en el bosquecito, que estaba m\u00e1s fresco. Me gust\u00f3 esta propuesta de que sea exclusiva para nosotras y demostrar que tambi\u00e9n podemos competir de la misma manera que los varones&#8221;.\u00a0<em>(Daniela Aqueveque, la saltense que complet\u00f3 el podio)<\/em><\/blockquote>\r\n<p style=\"text-align: right;\">Fuente: La ma\u00f1ana de Neuqu\u00e9n ,\u00a018-12-2011<\/p>\r\n<h3>Fotos<\/h3>\r\n<div id=\"carousel-2\" class=\"carousel slide\" data-ride=\"carousel\">\r\n\t<div class=\"carousel-inner\" role=\"listbox\">\r\n\t\t<div class=\"item active\">\r\n\t\t\t<img decoding=\"async\" src=\"http:\/\/www.patagoniaeventos.com\/img_carreras\/carreradelamujer\/0.jpg\" class=\"img-responsive\">\r\n\t\t<\/div>\r\n\t\t<div class=\"item\">\r\n\t\t\t<img decoding=\"async\" src=\"http:\/\/www.patagoniaeventos.com\/img_carreras\/carreradelamujer\/1.jpg\" class=\"img-responsive\">\r\n\t\t<\/div>\r\n\t\t<div class=\"item\">\r\n\t\t\t<img decoding=\"async\" src=\"http:\/\/www.patagoniaeventos.com\/img_carreras\/carreradelamujer\/2.jpg\" class=\"img-responsive\">\r\n\t\t<\/div>\r\n\t\t<div class=\"item\">\r\n\t\t\t<img decoding=\"async\" src=\"http:\/\/www.patagoniaeventos.com\/img_carreras\/carreradelamujer\/3.jpg\" class=\"img-responsive\">\r\n\t\t<\/div>\r\n\t\t<div class=\"item\">\r\n\t\t\t<img decoding=\"async\" src=\"http:\/\/www.patagoniaeventos.com\/img_carreras\/carreradelamujer\/4.jpg\" class=\"img-responsive\">\r\n\t\t<\/div>\r\n\t\t<div class=\"item\">\r\n\t\t\t<img decoding=\"async\" src=\"http:\/\/www.patagoniaeventos.com\/img_carreras\/carreradelamujer\/5.jpg\" class=\"img-responsive\">\r\n\t\t<\/div>\r\n\t\t<div class=\"item\">\r\n\t\t\t<img decoding=\"async\" src=\"http:\/\/www.patagoniaeventos.com\/img_carreras\/carreradelamujer\/6.jpg\" class=\"img-responsive\">\r\n\t\t<\/div>\r\n\t\t<div class=\"item\">\r\n\t\t\t<img decoding=\"async\" src=\"http:\/\/www.patagoniaeventos.com\/img_carreras\/carreradelamujer\/7.jpg\" class=\"img-responsive\">\r\n\t\t<\/div>\r\n\t\t<div class=\"item\">\r\n\t\t\t<img decoding=\"async\" src=\"http:\/\/www.patagoniaeventos.com\/img_carreras\/carreradelamujer\/8.jpg\" class=\"img-responsive\">\r\n\t\t<\/div>\r\n\t\t<div class=\"item\">\r\n\t\t\t<img decoding=\"async\" src=\"http:\/\/www.patagoniaeventos.com\/img_carreras\/carreradelamujer\/9.jpg\" class=\"img-responsive\">\r\n\t\t<\/div>\r\n\t\t<div class=\"item\">\r\n\t\t\t<img decoding=\"async\" src=\"http:\/\/www.patagoniaeventos.com\/img_carreras\/carreradelamujer\/10.jpg\" class=\"img-responsive\">\r\n\t\t<\/div>\r\n\t\t<div class=\"item\">\r\n\t\t\t<img decoding=\"async\" src=\"http:\/\/www.patagoniaeventos.com\/img_carreras\/carreradelamujer\/11.jpg\" class=\"img-responsive\">\r\n\t\t<\/div>\r\n\t\t<div class=\"item\">\r\n\t\t\t<img decoding=\"async\" src=\"http:\/\/www.patagoniaeventos.com\/img_carreras\/carreradelamujer\/12.jpg\" class=\"img-responsive\">\r\n\t\t<\/div>\r\n\t\t<div class=\"item\">\r\n\t\t\t<img decoding=\"async\" src=\"http:\/\/www.patagoniaeventos.com\/img_carreras\/carreradelamujer\/13.jpg\" class=\"img-responsive\">\r\n\t\t<\/div>\r\n\t\t<div class=\"item\">\r\n\t\t\t<img decoding=\"async\" src=\"http:\/\/www.patagoniaeventos.com\/img_carreras\/carreradelamujer\/14.jpg\" class=\"img-responsive\">\r\n\t\t<\/div>\r\n\t\t<div class=\"item\">\r\n\t\t\t<img decoding=\"async\" src=\"http:\/\/www.patagoniaeventos.com\/img_carreras\/carreradelamujer\/15.jpg\" class=\"img-responsive\">\r\n\t\t<\/div>\r\n\t\t<div class=\"item\">\r\n\t\t\t<img decoding=\"async\" src=\"http:\/\/www.patagoniaeventos.com\/img_carreras\/carreradelamujer\/16.jpg\" class=\"img-responsive\">\r\n\t\t<\/div>\r\n\t\t<div class=\"item\">\r\n\t\t\t<img decoding=\"async\" src=\"http:\/\/www.patagoniaeventos.com\/img_carreras\/carreradelamujer\/17.jpg\" class=\"img-responsive\"><\/div><\/div>\r\n\t<a class=\"left carousel-control\" href=\"#carousel-2\" role=\"button\" data-slide=\"prev\">\r\n\t\t<span class=\"glyphicon glyphicon-chevron-left\" aria-hidden=\"true\"><\/span>\r\n\t\t<span class=\"sr-only\">Previous<\/span>\r\n\t<\/a>\r\n\t<a class=\"right carousel-control\" href=\"#carousel-2\" role=\"button\" data-slide=\"next\">\r\n\t\t<span class=\"glyphicon glyphicon-chevron-right\" aria-hidden=\"true\"><\/span>\r\n\t\t<span class=\"sr-only\">Next<\/span>\r\n\t<\/a>\r\n<\/div>","protected":false},"excerpt":{"rendered":"<p>Las mujeres despidieron el a\u00f1o corriendo. En una propuesta exclusiva para ellas, aceptaron la invitaci\u00f3n de Patagonia Eventos y desafiando la temperatura, que ayer rond\u00f3 los 36 grados, cumplieron con el recorrido de 5 kil\u00f3metros. La Carrera de la Mujer -as\u00ed se denomin\u00f3 la prueba- cont\u00f3 con el auspicio de La Ma\u00f1ana de Neuqu\u00e9n y, [&hellip;]<\/p>\n","protected":false},"author":1,"featured_media":0,"parent":79,"menu_order":0,"comment_status":"open","ping_status":"closed","template":"page-templates\/content-semi-full-width.php","meta":{"footnotes":""},"class_list":["post-2093","page","type-page","status-publish","hentry"],"_links":{"self":[{"href":"https:\/\/www.patagoniaeventos.com\/index.php\/wp-json\/wp\/v2\/pages\/2093","targetHints":{"allow":["GET"]}}],"collection":[{"href":"https:\/\/www.patagoniaeventos.com\/index.php\/wp-json\/wp\/v2\/pages"}],"about":[{"href":"https:\/\/www.patagoniaeventos.com\/index.php\/wp-json\/wp\/v2\/types\/page"}],"author":[{"embeddable":true,"href":"https:\/\/www.patagoniaeventos.com\/index.php\/wp-json\/wp\/v2\/users\/1"}],"replies":[{"embeddable":true,"href":"https:\/\/www.patagoniaeventos.com\/index.php\/wp-json\/wp\/v2\/comments?post=2093"}],"version-history":[{"count":0,"href":"https:\/\/www.patagoniaeventos.com\/index.php\/wp-json\/wp\/v2\/pages\/2093\/revisions"}],"up":[{"embeddable":true,"href":"https:\/\/www.patagoniaeventos.com\/index.php\/wp-json\/wp\/v2\/pages\/79"}],"wp:attachment":[{"href":"https:\/\/www.patagoniaeventos.com\/index.php\/wp-json\/wp\/v2\/media?parent=2093"}],"curies":[{"name":"wp","href":"https:\/\/api.w.org\/{rel}","templated":true}]}}