{"id":1758,"date":"2012-09-12T18:28:10","date_gmt":"2012-09-12T18:28:10","guid":{"rendered":"http:\/\/www.patagoniaeventos.com\/wordpress\/?page_id=1758"},"modified":"2015-06-30T16:24:42","modified_gmt":"2015-06-30T16:24:42","slug":"pe-times","status":"publish","type":"page","link":"https:\/\/www.patagoniaeventos.com\/index.php\/servicios\/pe-times\/","title":{"rendered":"PE Times"},"content":{"rendered":"<strong>PE Times<\/strong>\u00a0presenta la tecnolog\u00eda <strong>IPICO Sports<\/strong>\u00a0para toma de tiempos y clasificaciones en maratones, carreras de calle, pruebas combinadas, esqu\u00ed n\u00f3rdico, cross country, MTB basado en tecnolog\u00eda RFID (identificaci\u00f3n por radiofrecuencia)<strong>.\u00a0<\/strong>\r\n\r\n<!--more-->\r\n\r\n<strong>Que es la tecnolog\u00eda RFID?<\/strong>\r\n\r\n<img loading=\"lazy\" decoding=\"async\" class=\"wp-image-1764 alignright\" title=\"Box\" src=\"http:\/\/www.patagoniaeventos.com\/wp-content\/uploads\/2012\/09\/Box.png\" alt=\"\" width=\"390\" height=\"180\" srcset=\"https:\/\/www.patagoniaeventos.com\/wp-content\/uploads\/2012\/09\/Box.png 650w, https:\/\/www.patagoniaeventos.com\/wp-content\/uploads\/2012\/09\/Box-300x138.png 300w\" sizes=\"auto, (max-width: 390px) 100vw, 390px\" \/>\r\n\r\nB\u00e1sicamente se trata de una antena receptora montada en el piso que genera un campo receptor de datos, unida a una unidad lectora y un tag (chip) receptor-emisor llevado por el deportista que al pasar por sobre las alfombras emitir\u00e1 su c\u00f3digo de identificaci\u00f3n individual permitiendo definir con precisi\u00f3n el tiempo y puesto del deportista. De acuerdo a la configuraci\u00f3n, estos equipos pueden ser instalados para control de salida, registros de tiempos parciales, controles de vuelta y por supuesto para l\u00ednea de meta.\r\n\r\nEl sistema IPICO Sports timing solutions patent\u00f3 la \u201cFrecuencia Dual\u201d, \u00a0permitiendo resolver las limitaciones de los sistemas anteriores que empleaban altas, bajas o ultra alta frecuencias.\r\n<p style=\"text-align: center;\"><a href=\"http:\/\/www.patagoniaeventos.com\/wordpress\/wp-content\/uploads\/2012\/09\/Ipico.jpg\"><img loading=\"lazy\" decoding=\"async\" width=\"531\" height=\"277\" class=\" wp-image-1765 aligncenter\" title=\"Ipico\" src=\"http:\/\/www.patagoniaeventos.com\/wp-content\/uploads\/2012\/09\/Ipico.jpg\" alt=\"\" srcset=\"https:\/\/www.patagoniaeventos.com\/wp-content\/uploads\/2012\/09\/Ipico.jpg 531w, https:\/\/www.patagoniaeventos.com\/wp-content\/uploads\/2012\/09\/Ipico-300x156.jpg 300w\" sizes=\"auto, (max-width: 531px) 100vw, 531px\" \/><\/a><\/p>\r\n<a href=\"http:\/\/www.patagoniaeventos.com\/wordpress\/wp-content\/uploads\/2012\/09\/Alfombras.jpg\"><img loading=\"lazy\" decoding=\"async\" class=\"wp-image-1767 alignright\" title=\"Alfombras\" src=\"http:\/\/www.patagoniaeventos.com\/wp-content\/uploads\/2012\/09\/Alfombras.jpg\" alt=\"\" width=\"272\" height=\"204\" srcset=\"https:\/\/www.patagoniaeventos.com\/wp-content\/uploads\/2012\/09\/Alfombras.jpg 453w, https:\/\/www.patagoniaeventos.com\/wp-content\/uploads\/2012\/09\/Alfombras-300x225.jpg 300w\" sizes=\"auto, (max-width: 272px) 100vw, 272px\" \/><\/a>\r\n<div><\/div>\r\nUna frecuencia es empleada para cargar de energ\u00eda al chip y la otra para recibir la informaci\u00f3n lo que permite, respecto de otros sistemas conocidos:\r\n\r\n&nbsp;\r\n<ul>\r\n\t<li>evitar los problemas de colisi\u00f3n de datos<\/li>\r\n\t<li>captar hasta 120 chips por segundo<\/li>\r\n\t<li>trabajar sin inconvenientes bajo lluvia y bajas o altas temperaturas, puede funcionar bajo nieve, barro y otras condiciones de superficie<\/li>\r\n\t<li>mayor alcance de lectura, pero a su vez mayor precisi\u00f3n en el registro de datos<\/li>\r\n\t<li>fiabilidad a pesar de la cercan\u00eda de metales<\/li>\r\n<\/ul>\r\n&nbsp;\r\n\r\n<img loading=\"lazy\" decoding=\"async\" class=\"alignleft  wp-image-1770\" title=\"ZapasChips\" src=\"http:\/\/www.patagoniaeventos.com\/wp-content\/uploads\/2012\/09\/ZapasChips.jpg\" alt=\"\" width=\"296\" height=\"197\" srcset=\"https:\/\/www.patagoniaeventos.com\/wp-content\/uploads\/2012\/09\/ZapasChips.jpg 494w, https:\/\/www.patagoniaeventos.com\/wp-content\/uploads\/2012\/09\/ZapasChips-300x199.jpg 300w\" sizes=\"auto, (max-width: 296px) 100vw, 296px\" \/>\r\n\r\nEl sistema IPICO emplea chips reutilizables, generando menos deshechos. Los que deber\u00e1n ser recuperados por el organizador luego de la llegada ya que en caso de p\u00e9rdida tienen un costo individual adicional al precio del servicio.\r\n\r\nDe todos modos, el porcentaje de extrav\u00edos no supera el 10% de los participantes y sobre todo en carreras peque\u00f1as o medianas, resulta mucho m\u00e1s conveniente y econ\u00f3mico en comparaci\u00f3n con los servicios de chips descartables ya que este servicio parte con un costo de insumo.\r\n\r\n<strong>\u00a0<\/strong>\r\n\r\n&nbsp;\r\n\r\n<strong>Que permite un sistema de RFID para clasificaciones?<\/strong>\r\n<ul>\r\n\t<li>Clasificar sin inconvenientes (99,9%) carreras con alto caudal de arribos<\/li>\r\n\t<li>\u00c1reas de llegada mas libres<\/li>\r\n\t<li>Reducir el personal afectado a clasificaci\u00f3n<\/li>\r\n\t<li>Contar con los tiempos de clasificaci\u00f3n al momento mismo en que los participantes llegan<\/li>\r\n<\/ul>\r\n<p style=\"text-align: center;\">\u00a0<a href=\"http:\/\/www.patagoniaeventos.com\/wordpress\/wp-content\/uploads\/2012\/09\/FuncionamientoIpico.png\"><img loading=\"lazy\" decoding=\"async\" width=\"817\" height=\"141\" class=\" wp-image-1771 aligncenter\" title=\"FuncionamientoIpico\" src=\"http:\/\/www.patagoniaeventos.com\/wp-content\/uploads\/2012\/09\/FuncionamientoIpico.png\" alt=\"\" srcset=\"https:\/\/www.patagoniaeventos.com\/wp-content\/uploads\/2012\/09\/FuncionamientoIpico.png 817w, https:\/\/www.patagoniaeventos.com\/wp-content\/uploads\/2012\/09\/FuncionamientoIpico-300x51.png 300w\" sizes=\"auto, (max-width: 817px) 100vw, 817px\" \/><\/a><\/p>\r\n&nbsp;\r\n\r\n<strong>Cuales son los servicios que PE Times incluye en el costo del servicio?<\/strong>\r\n\r\n<strong>1-Sistema de Clasificaci\u00f3n IPICO<\/strong>\r\n<ul>\r\n\t<li>Entrega de chips a los participantes<\/li>\r\n\t<li>Clasificaci\u00f3n en tiempo real con posibilidad de publicaci\u00f3n en pantalla en el mismo punto de llegada o colocaci\u00f3n de hojas impresas en un panel de exhibici\u00f3n<\/li>\r\n\t<li>Entrega de planilla de premiaci\u00f3n para ceremonia al instante<\/li>\r\n\t<li>Posibilidad de control de vueltas de acuerdo a configuraci\u00f3n y espacios<\/li>\r\n<\/ul>\r\n<strong>2-El 50% de descuento en el uso del panel de inscripciones online<\/strong>\r\n\r\n<a href=\"http:\/\/www.patagoniaeventos.com\/wordpress\/wp-content\/uploads\/2012\/09\/panel.png\"><img loading=\"lazy\" decoding=\"async\" width=\"487\" height=\"326\" class=\" wp-image-1772 alignright\" title=\"panel\" src=\"http:\/\/www.patagoniaeventos.com\/wp-content\/uploads\/2012\/09\/panel.png\" alt=\"\" srcset=\"https:\/\/www.patagoniaeventos.com\/wp-content\/uploads\/2012\/09\/panel.png 487w, https:\/\/www.patagoniaeventos.com\/wp-content\/uploads\/2012\/09\/panel-300x200.png 300w\" sizes=\"auto, (max-width: 487px) 100vw, 487px\" \/><\/a>\r\n<ul>\r\n\t<li>Permite las inscripciones online de los participantes<\/li>\r\n\t<li>Permite control online con posibilidad de usuarios con clave independiente<\/li>\r\n\t<li>Permite llevar estad\u00edsticas, controles de pago, elecci\u00f3n de talle de remera,<\/li>\r\n\t<li>Impresi\u00f3n de ficha de inscripci\u00f3n y ficha m\u00e9dica tanto por parte del participante como de la organizaci\u00f3n.<\/li>\r\n\t<li>Permite llevar la contabilidad y control de ingresos<\/li>\r\n\t<li>Permite el env\u00edo de mails de respuesta autom\u00e1tica y anuncios a los participantes<\/li>\r\n\t<li>Genera una Base de Datos evitando errores de transcripci\u00f3n<\/li>\r\n<\/ul>\r\n<strong>3-Env\u00edo de newsletter publicitario del evento a base de datos de mas de 40 mil contactos<\/strong>\r\n\r\n<strong>4-Infraestructura e insumos<\/strong>\r\n<ul>\r\n\t<li>Reloj display exhibidor de tiempos para meta<\/li>\r\n\t<li>Carpa 3x3m o camioneta furg\u00f3n cerrado con todos los elementos necesarios independientemente del organizador del evento.<\/li>\r\n\t<li>Equipos de computaci\u00f3n, cables e insumos necesarios<\/li>\r\n\t<li>Respaldo c\u00e1mara Go Pro en l\u00ednea de meta entregando al organizador fotograf\u00edas de todos los participantes<\/li>\r\n<\/ul>\r\n<strong>\u00a0<\/strong><strong>Adicionales no incluidos en el servicio b\u00e1sico<\/strong>\r\n<ul>\r\n\t<li>N\u00fameros confeccionados en Tyvek<\/li>\r\n\t<li>Arcos de largada y meta<\/li>\r\n\t<li>Alquiler de vallas<\/li>\r\n\t<li>Registros de tiempos parciales con sistemas adicionales<\/li>\r\n<\/ul>\r\n<strong>Estos son algunos de los eventos donde se emplea el sistema IPICO Sports:<\/strong>\r\n<ul>\r\n\t<li>Virgin London Marathon<\/li>\r\n\t<li>Los Angeles Marathon<\/li>\r\n\t<li>Tokyo Marathon<\/li>\r\n\t<li>USA Olympic Team Triathlon Trails<\/li>\r\n\t<li>Belgians MTB Championships<\/li>\r\n\t<li>Human Race Nike (Sao Paulo)<\/li>\r\n\t<li>We Run Nike (Buenos Aires)<\/li>\r\n\t<li>Brussels Marathon<\/li>\r\n\t<li>Maraton y Medio Marat\u00f3n de Buenos Aires<\/li>\r\n\t<li>Medio Marat\u00f3n de Rosario<\/li>\r\n<\/ul>\r\n&nbsp;\r\n<h4><span style=\"text-decoration: underline; color: #ff6600;\"><a href=\"mailto:informes@patagoniaeventos.com\"><span style=\"color: #ff6600; text-decoration: underline;\">Contactar equipo de PE Times<\/span><\/a><\/span><\/h4>","protected":false},"excerpt":{"rendered":"<p>PE Times\u00a0presenta la tecnolog\u00eda IPICO Sports\u00a0para toma de tiempos y clasificaciones en maratones, carreras de calle, pruebas combinadas, esqu\u00ed n\u00f3rdico, cross country, MTB basado en tecnolog\u00eda RFID (identificaci\u00f3n por radiofrecuencia).\u00a0<\/p>\n","protected":false},"author":1,"featured_media":2195,"parent":28,"menu_order":0,"comment_status":"open","ping_status":"closed","template":"page-templates\/content-full-width.php","meta":{"footnotes":""},"class_list":["post-1758","page","type-page","status-publish","hentry"],"_links":{"self":[{"href":"https:\/\/www.patagoniaeventos.com\/index.php\/wp-json\/wp\/v2\/pages\/1758","targetHints":{"allow":["GET"]}}],"collection":[{"href":"https:\/\/www.patagoniaeventos.com\/index.php\/wp-json\/wp\/v2\/pages"}],"about":[{"href":"https:\/\/www.patagoniaeventos.com\/index.php\/wp-json\/wp\/v2\/types\/page"}],"author":[{"embeddable":true,"href":"https:\/\/www.patagoniaeventos.com\/index.php\/wp-json\/wp\/v2\/users\/1"}],"replies":[{"embeddable":true,"href":"https:\/\/www.patagoniaeventos.com\/index.php\/wp-json\/wp\/v2\/comments?post=1758"}],"version-history":[{"count":0,"href":"https:\/\/www.patagoniaeventos.com\/index.php\/wp-json\/wp\/v2\/pages\/1758\/revisions"}],"up":[{"embeddable":true,"href":"https:\/\/www.patagoniaeventos.com\/index.php\/wp-json\/wp\/v2\/pages\/28"}],"wp:featuredmedia":[{"embeddable":true,"href":"https:\/\/www.patagoniaeventos.com\/index.php\/wp-json\/wp\/v2\/media\/2195"}],"wp:attachment":[{"href":"https:\/\/www.patagoniaeventos.com\/index.php\/wp-json\/wp\/v2\/media?parent=1758"}],"curies":[{"name":"wp","href":"https:\/\/api.w.org\/{rel}","templated":true}]}}